11111 (base 4) to base 6
-205233
What is -214 (base 8) in base 9?
-165
Convert 428 (base 13) to base 7.
2033
1442b (base 12) to base 2
110111001100011
-1000012 (base 3) to base 13
-446
Convert 1111101111 (base 2) to base 12.
6bb
What is 250335 (base 6) in base 11?
15719
724 (base 12) to base 5
13121
1212033 (base 4) to base 9
8870
-3047 (base 8) to base 15
-700
Convert 110101 (base 4) to base 7.
3532
Convert 25151 (base 8) to base 6.
122133
Convert 23313123 (base 4) to base 5.
3023403
-322125 (base 6) to base 7
-136661
What is ae9 (base 15) in base 14?
c85
What is 2100 (base 4) in base 10?
144
Convert 103340 (base 6) to base 16.
216c
What is 20023 (base 4) in base 12?
377
100001101 (base 2) to base 15
12e
Convert -ae9d (base 15) to base 7.
-213004
Convert -1135 (base 7) to base 5.
-3133
-44 (base 9) to base 2
-101000
-1110110110 (base 2) to base 16
-3b6
What is -1322 (base 10) in base 12?
-922
a31 (base 11) to base 5
14434
36 (base 9) to base 7
45
Convert 4222 (base 5) to base 15.
277
Convert 1444402 (base 5) to base 7.
160020
Convert 202010 (base 8) to base 9.
111274
-1254 (base 7) to base 8
-740
What is 1206 (base 16) in base 2?
1001000000110
Convert 55 (base 12) to base 16.
41
What is -34619 (base 10) in base 3?
-1202111012
Convert 60015 (base 9) to base 13.
14c03
-625 (base 9) to base 11
-423
What is -1004 (base 10) in base 13?
-5c3
Convert -49c (base 13) to base 9.
-1084
What is -6c (base 16) in base 8?
-154
Convert 110210120 (base 3) to base 14.
3586
68 (base 15) to base 6
242
Convert -490 (base 10) to base 5.
-3430
What is -3b6 (base 15) in base 6?
-3530
What is 1420 (base 13) in base 6?
21231
Convert 3021222 (base 4) to base 2.
11001001101010
64356 (base 8) to base 4
12203232
-10001001000110 (base 2) to base 14
-32aa
Convert -180 (base 9) to base 16.
-99
What is -361 (base 8) in base 6?
-1041
Convert -327 (base 8) to base 9.
-258
-1072 (base 10) to base 11
-895
What is 1101011000000 (base 2) in base 7?
25652
Convert 3b2 (base 14) to base 12.
520
2455 (base 6) to base 5
4421
1609 (base 11) to base 2
100000010010
Convert 72267 (base 8) to base 12.
1535b
1465 (base 9) to base 11
921
What is c60 (base 13) in base 15?
956
What is 326 (base 16) in base 12?
572
-3061 (base 10) to base 4
-233311
Convert -a81 (base 11) to base 15.
-5b9
Convert -15251 (base 8) to base 10.
-6825
What is 9811 (base 10) in base 3?
111110101
What is -3050 (base 6) in base 12?
-486
What is -1423 (base 6) in base 5?
-3000
Convert -13112312 (base 4) to base 10.
-30134
What is 110022 (base 3) in base 11?
282
What is 1317 (base 8) in base 2?
1011001111
What is -3342333 (base 5) in base 4?
-32123111
21223 (base 5) to base 12
9ba
What is -1000100010011 (base 2) in base 7?
-15513
Convert -3132012 (base 4) to base 14.
-5274
-1240223 (base 5) to base 16
-5f76
-8a9 (base 12) to base 14
-677
Convert 1000011000001100 (base 2) to base 6.
422512
Convert -3474 (base 11) to base 16.
-11ce
Convert -b12 (base 16) to base 4.
-230102
-45566 (base 7) to base 12
-6878
Convert 364 (base 15) to base 12.
541
-310e (base 16) to base 14
-4810
0 (base 9) to base 6
0
3649 (base 15) to base 5
332134
Convert -4794 (base 11) to base 15.
-1cd4
What is 763 (base 12) in base 7?
3105
Convert 116a1 (base 16) to base 8.
213241
What is 100233 (base 4) in base 13?
645
Convert -23553 (base 7) to base 9.
-8343
What is 11301321 (base 4) in base 9?
35423
Convert -55304 (base 7) to base 4.
-3120233
Convert -16364 (base 7) to base 15.
-15a2
Convert -20220 (base 3) to base 7.
-354
Convert -d55 (base 14) to base 6.
-20051
Convert 121210 (base 4) to base 5.
23021
What is -1203 (base 5) in base 12?
-12a
What is -15099 (base 14) in base 3?
-2122200222
Convert 1242330 (base 5) to base 11.
17629
What is -101101000101010 (base 2) in base 6?
-254510
-1200121000 (base 3) to base 12
-17299
What is 22c (base 14) in base 9?
530
Convert -420 (base 11) to base 6.
-2202
What is -7850 (base 11) in base 12?
-5b98
What is -69f (base 16) in base 12?
-b93
-465 (base 9) to base 13
-236
-1995 (base 10) to base 16
-7cb
What is -47ff (base 16) in base 12?
-a7bb
129f3 (base 16) to base 8
224763
Convert -4022 (base 6) to base 14.
-46a
-15014 (base 8) to base 9
-10128
301 (base 4) to base 3
1211
Convert -2331 (base 12) to base 3.
-12101101
Convert -12b (base 14) to base 10.
-235
Convert 30720 (base 11) to base 4.
22323320
-306615 (base 7) to base 8
-147061
-e06 (base 16) to base 7
-13316
Convert -1566 (base 13) to base 4.
-300312
What is 121010100 (base 3) in base 9?
17110
What is -274 (base 9) in base 3?
-22111
-57644 (base 9) to base 13
-14656
What is 19789 (base 12) in base 8?
111031
Convert 12d (base 16) to base 2.
100101101
-5f9 (base 16) to base 10
-1529
Convert f41 (base 16) to base 5.
111110
-12300 (base 4) to base 15
-1dc
What is -14671 (base 8) in base 9?
-10026
Convert -100010100100 (base 2) to base 4.
-202210
Convert -496 (base 13) to base 9.
-1077
Convert 13a (base 11) to base 6.
432
What is 15101 (base 6) in base 5?
34123
Convert -f40c (base 16) to base 3.
-10011200221
-10010000100 (base 2) to base 7
-3241
Convert 933a (base 11) to base 4.
3001201
-5552 (base 7) to base 14
-a29
202221 (base 3) to base 2
1000110101
What is 1162 (base 12) in base 9?
2602
201212010 (base 3) to base 7
60126
What is -293f (base 16) in base 8?
-24477
Convert -16222 (base 9) to base 12.
-6525
Convert 51455 (base 6) to base 7.
26021
What is bc (base 15) in base 4?
2301
What is 26598 (base 11) in base 9?
57080
What is -24 (base 16) in base 11?
-33
-62663 (base 7) to base 5
-443211
What is 7710 (base 8) in base 12?
2408
Convert -10101 (base 5) to base 14.
-347
-12000212 (base 3) to base 2
-111001010100
Convert -419 (base 12) to base 5.
-4342
-816 (base 11) to base 14
-505
-130010 (base 4) to base 7
-5144
What is 1223 (base 7) in base 5?
3313
What is -6615 (base 8) in base 16?
-d8d
-1000100010000010 (base 2) to base 3
-1202221022
What is -5243 (base 9) in base 11?
-2987
Convert 112200210 (base 3) to base 2.
10100111011001
Convert 2320 (base 10) to base 7.
6523
Convert -1011210 (base 3) to base 4.
-31122
What is -4396 (base 15) in base 11?
-a835
3311 (base 4) to base 7
500
What is -1884 (base 10) in base 6?
-12420
-20240 (base 5) to base 6
-10040
Convert 796 (base 16) to base 14.
9ca
1304 (base 7) to base 4
13232
Convert 1114034 (base 5) to base 15.
5d64
Convert -11101010010101 (base 2) to base 3.
-202120110
What is 1ddc (base 15) in base 7?
24654
-442 (base 15) to base 14
-4ca
What is 1056 (base 12) in base 3?
2110110
-24c7 (base 13) to base 8
-12161
-1011300 (base 4) to base 10
-4464
3759 (base 11) to base 9
6648
Convert 221 (base 13) to base 10.
365
What is -444 (base 10) in base 15?
-1e9
Convert 1110101101 (base 2) to base 6.
4205
Convert -502a (base 13) to base 15.
-33eb
What is 432 (base 15) in base 2?
1110110011
What is -34302 (base 5) in base 7?
-10102
What is 5a32 (base 14) in base 9?
23511
Convert -7105 (base 8) to base 7.
-13436
What is 35a (base 15) in base 14?
3c4
What is 44567 (base 8) in base 5?
1100212
What is 1087 (base 12) in base 8?
3447
-5675 (base 8) to base 12
-18a5
What is -2323222 (base 4) in base 9?
-17424
Convert -9a5 (base 12) to base 2.
-10110001101
Convert 3431 (base 5) to base 11.
407
What is 532 (base 10) in base 14?
2a0
What is -70 (base 11) in base 16?
-4d
Convert -15a (base 13) to base 9.
-301
-9b (base 16) to base 14
-b1
41132 (base 6) to base 3
21111002
8291 (base 12) to base 15
4331
Convert -122 (base 6) to base 4.
-302
-181a (base 16) to base 9
-8415
What is 632 (base 7) in base 6?
1245
-624 (base 7) to base 11
-264
-22012 (base 3) to base 9
-265
-2210 (base 15) to base 9
-10806
1772 (base 9) to base 7
3653
What is 110101101 (base 2) in base 9?
526
-6ba (base 16) to base 3
-2100210
What is -173 (base 9) in base 2?
-10010011
Convert -1102 (base 6) to base 11.
-211
Convert -1534 (base 10) to base 8.
-2776
Convert -30110 (base 8) to base 13.
-581a
What is -2b10 (base 15) in base 3?
-110200020
Convert -5030 (base 15) to base 12.
-9960
11323 (base 5) to base 8
1506
104 (base 5) to base 12
25
-33034 (base 10) to base 4
-20010022
What is -1082 (base 10) in base 8?
-2072
What is -143 (base 12) in base 3?
-21020
-10002100 (base 3) to base 4
-203022
What is -c59 (base 15) in base 6?
-20520
What is 200210 (base 3) in base 